{"id":31234,"date":"2024-03-28T22:48:29","date_gmt":"2024-03-28T21:48:29","guid":{"rendered":"https:\/\/www.brasseriedumoulin.be\/?page_id=31234"},"modified":"2026-04-10T15:39:40","modified_gmt":"2026-04-10T13:39:40","slug":"notre-carte","status":"publish","type":"page","link":"https:\/\/www.brasseriedumoulin.be\/?page_id=31234&lang=en","title":{"rendered":"Our menu<br>"},"content":{"rendered":"\t\t<div data-elementor-type=\"wp-page\" data-elementor-id=\"31234\" class=\"elementor elementor-31234 elementor-30312\" data-elementor-post-type=\"page\">\n\t\t\t\t\t\t<section class=\"elementor-section elementor-top-section elementor-element elementor-element-5fafe42 elementor-section-boxed elementor-section-height-default elementor-section-height-default\" data-id=\"5fafe42\" data-element_type=\"section\" data-e-type=\"section\">\n\t\t\t\t\t\t<div class=\"elementor-container elementor-column-gap-default\">\n\t\t\t\t\t<div class=\"elementor-column elementor-col-100 elementor-top-column elementor-element elementor-element-34b21599\" data-id=\"34b21599\" data-element_type=\"column\" data-e-type=\"column\">\n\t\t\t<div class=\"elementor-widget-wrap elementor-element-populated\">\n\t\t\t\t\t\t<div class=\"elementor-element elementor-element-490581a3 elementor-widget elementor-widget-text-editor\" data-id=\"490581a3\" data-element_type=\"widget\" data-e-type=\"widget\" data-widget_type=\"text-editor.default\">\n\t\t\t\t<div class=\"elementor-widget-container\">\n\t\t\t\t\t\t\t\t\t<div class=\"smalltitle\">Brasserie du Moulin<\/div>\t\t\t\t\t\t\t\t<\/div>\n\t\t\t\t<\/div>\n\t\t\t\t<div class=\"elementor-element elementor-element-4623d1de elementor-widget elementor-widget-menu-anchor\" data-id=\"4623d1de\" data-element_type=\"widget\" data-e-type=\"widget\" data-widget_type=\"menu-anchor.default\">\n\t\t\t\t<div class=\"elementor-widget-container\">\n\t\t\t\t\t\t\t<div class=\"elementor-menu-anchor\" id=\"brasseriemenu\"><\/div>\n\t\t\t\t\t\t<\/div>\n\t\t\t\t<\/div>\n\t\t\t\t<div class=\"elementor-element elementor-element-64500d93 elementor-widget elementor-widget-heading\" data-id=\"64500d93\" data-element_type=\"widget\" data-e-type=\"widget\" data-widget_type=\"heading.default\">\n\t\t\t\t<div class=\"elementor-widget-container\">\n\t\t\t\t\t<h2 class=\"elementor-heading-title elementor-size-default\">Brasserie \u00e0 la carte menu<\/h2>\t\t\t\t<\/div>\n\t\t\t\t<\/div>\n\t\t\t\t<div class=\"elementor-element elementor-element-b0615f8 elementor-widget elementor-widget-text-editor\" data-id=\"b0615f8\" data-element_type=\"widget\" data-e-type=\"widget\" data-widget_type=\"text-editor.default\">\n\t\t\t\t<div class=\"elementor-widget-container\">\n\t\t\t\t\t\t\t\t\t<p><a href=\"https:\/\/www.brasseriedumoulin.be\/?page_id=3152\">Also discover the bistronomic menu &gt;&gt;<\/a><\/p>\t\t\t\t\t\t\t\t<\/div>\n\t\t\t\t<\/div>\n\t\t\t\t<div class=\"elementor-element elementor-element-37dcd29d mt-tabs elementor-widget-mobile__width-initial elementor-tabs-view-horizontal elementor-invisible elementor-widget elementor-widget-tabs\" data-id=\"37dcd29d\" data-element_type=\"widget\" data-e-type=\"widget\" data-settings=\"{&quot;_animation&quot;:&quot;fadeIn&quot;}\" data-widget_type=\"tabs.default\">\n\t\t\t\t<div class=\"elementor-widget-container\">\n\t\t\t\t\t\t\t<div class=\"elementor-tabs\">\n\t\t\t<div class=\"elementor-tabs-wrapper\" role=\"tablist\" >\n\t\t\t\t\t\t\t\t\t<div id=\"elementor-tab-title-9371\" class=\"elementor-tab-title elementor-tab-desktop-title\" aria-selected=\"true\" data-tab=\"1\" role=\"tab\" tabindex=\"0\" aria-controls=\"elementor-tab-content-9371\" aria-expanded=\"false\">Boards to share<\/div>\n\t\t\t\t\t\t\t\t\t<div id=\"elementor-tab-title-9372\" class=\"elementor-tab-title elementor-tab-desktop-title\" aria-selected=\"false\" data-tab=\"2\" role=\"tab\" tabindex=\"-1\" aria-controls=\"elementor-tab-content-9372\" aria-expanded=\"false\">Starters<\/div>\n\t\t\t\t\t\t\t\t\t<div id=\"elementor-tab-title-9373\" class=\"elementor-tab-title elementor-tab-desktop-title\" aria-selected=\"false\" data-tab=\"3\" role=\"tab\" tabindex=\"-1\" aria-controls=\"elementor-tab-content-9373\" aria-expanded=\"false\">Salads<\/div>\n\t\t\t\t\t\t\t\t\t<div id=\"elementor-tab-title-9374\" class=\"elementor-tab-title elementor-tab-desktop-title\" aria-selected=\"false\" data-tab=\"4\" role=\"tab\" tabindex=\"-1\" aria-controls=\"elementor-tab-content-9374\" aria-expanded=\"false\">Traditional dishes<\/div>\n\t\t\t\t\t\t\t\t\t<div id=\"elementor-tab-title-9375\" class=\"elementor-tab-title elementor-tab-desktop-title\" aria-selected=\"false\" data-tab=\"5\" role=\"tab\" tabindex=\"-1\" aria-controls=\"elementor-tab-content-9375\" aria-expanded=\"false\">Meats<\/div>\n\t\t\t\t\t\t\t\t\t<div id=\"elementor-tab-title-9376\" class=\"elementor-tab-title elementor-tab-desktop-title\" aria-selected=\"false\" data-tab=\"6\" role=\"tab\" tabindex=\"-1\" aria-controls=\"elementor-tab-content-9376\" aria-expanded=\"false\">Fishes<\/div>\n\t\t\t\t\t\t\t\t\t<div id=\"elementor-tab-title-9377\" class=\"elementor-tab-title elementor-tab-desktop-title\" aria-selected=\"false\" data-tab=\"7\" role=\"tab\" tabindex=\"-1\" aria-controls=\"elementor-tab-content-9377\" aria-expanded=\"false\">Vegetarians<\/div>\n\t\t\t\t\t\t\t\t\t<div id=\"elementor-tab-title-9378\" class=\"elementor-tab-title elementor-tab-desktop-title\" aria-selected=\"false\" data-tab=\"8\" role=\"tab\" tabindex=\"-1\" aria-controls=\"elementor-tab-content-9378\" aria-expanded=\"false\">Children's dishes<\/div>\n\t\t\t\t\t\t\t\t\t<div id=\"elementor-tab-title-9379\" class=\"elementor-tab-title elementor-tab-desktop-title\" aria-selected=\"false\" data-tab=\"9\" role=\"tab\" tabindex=\"-1\" aria-controls=\"elementor-tab-content-9379\" aria-expanded=\"false\">Cheeses and desserts<\/div>\n\t\t\t\t\t\t\t<\/div>\n\t\t\t<div class=\"elementor-tabs-content-wrapper\" role=\"tablist\" aria-orientation=\"vertical\">\n\t\t\t\t\t\t\t\t\t<div class=\"elementor-tab-title elementor-tab-mobile-title\" aria-selected=\"true\" data-tab=\"1\" role=\"tab\" tabindex=\"0\" aria-controls=\"elementor-tab-content-9371\" aria-expanded=\"false\">Boards to share<\/div>\n\t\t\t\t\t<div id=\"elementor-tab-content-9371\" class=\"elementor-tab-content elementor-clearfix\" data-tab=\"1\" role=\"tabpanel\" aria-labelledby=\"elementor-tab-title-9371\" tabindex=\"0\" hidden=\"false\"><ul class=\"food-menu menu-2cols\">\n<li>\n<h4><span class=\"menu-title\">Charcuterie board<\/span> | <em>Serves 2<\/em> <span class=\"menu-price\">\u20ac23.00<\/span><\/h4>\n<div class=\"menu-text\">Ardennes smoked ham, thyme sausage, Michtrolle p\u00e2t\u00e9<\/div>\n<\/li>\n<li>\n<h4><span class=\"menu-title\">Mixed platter |<\/span> <i>Serves 2 <\/i><span class=\"menu-price\">\u20ac25.00<\/span><\/h4>\n<div class=\"menu-text\">Ardennes smoked ham, thyme sausage, Maredsous cheese, Sommi\u00e8re cheese<\/div>\n<\/li>\n<li>\n<h4><span class=\"menu-title\">Seafood platter |<\/span> <i>For 2 people <\/i><span class=\"menu-price\">\u20ac27.00<\/span><\/h4>\n<div class=\"menu-text\">Smoked trout rillettes, salmon trout gravlax, Maredsous cream with herbs<\/div>\n<\/li>\n<li>\n<h4><span class=\"menu-title\">Surf and Turf Platter |<\/span> <i>Serves 4<\/i> <span class=\"menu-price\">\u20ac39.00<\/span><\/h4>\n<div class=\"menu-text\">Ardennes smoked ham, thyme sausage, Maredsous cheese, smoked trout rillettes, salmon trout gravlax<\/div>\n<\/li>\n<\/ul>\n<\/div>\n\t\t\t\t\t\t\t\t\t<div class=\"elementor-tab-title elementor-tab-mobile-title\" aria-selected=\"false\" data-tab=\"2\" role=\"tab\" tabindex=\"-1\" aria-controls=\"elementor-tab-content-9372\" aria-expanded=\"false\">Starters<\/div>\n\t\t\t\t\t<div id=\"elementor-tab-content-9372\" class=\"elementor-tab-content elementor-clearfix\" data-tab=\"2\" role=\"tabpanel\" aria-labelledby=\"elementor-tab-title-9372\" tabindex=\"0\" hidden=\"hidden\"><div class=\"menu-text\"> <\/div>\n<ul class=\"food-menu menu-2cols\">\n<li>\n<h4><span class=\"menu-title\">Warnant snail profiteroles with wild garlic <\/span><span class=\"menu-price\">\u20ac21.00<\/span><\/h4>\n<div class=\"menu-text\"> <\/div>\n<\/li>\n<li>\n<h4><span class=\"menu-title\">Our homemade Maredsous cheese croquettes<\/span> <span class=\"menu-price\">\u20ac19.00<\/span><\/h4>\n<div class=\"menu-text\"><strong>Main course: \u20ac24<\/strong><\/div>\n<\/li>\n<li>\n<h4>Artisanal prawn croquettes \u20ac25.00<\/h4>\n<div class=\"menu-text\"><strong>Main course : 29\u20ac<\/strong><\/div>\n<\/li>\n<li>\n<h4>Duo of prawn and Maredsous cheese croquettes \u20ac22.00 <\/h4>\n<\/li>\n<li>\n<h4 class=\"p1\">Asian-style salmon trout tartare, kiwi, sesame, rice crisps \u20ac19.00<\/h4>\n<\/li>\n<li>\n<h4 class=\"p1\">Smoked beef carpaccio, wheat salad, thyme oil \u20ac23.00<\/h4>\n<\/li>\n<\/ul>\n<\/div>\n\t\t\t\t\t\t\t\t\t<div class=\"elementor-tab-title elementor-tab-mobile-title\" aria-selected=\"false\" data-tab=\"3\" role=\"tab\" tabindex=\"-1\" aria-controls=\"elementor-tab-content-9373\" aria-expanded=\"false\">Salads<\/div>\n\t\t\t\t\t<div id=\"elementor-tab-content-9373\" class=\"elementor-tab-content elementor-clearfix\" data-tab=\"3\" role=\"tabpanel\" aria-labelledby=\"elementor-tab-title-9373\" tabindex=\"0\" hidden=\"hidden\"><ul class=\"food-menu menu-2cols\">\n<li>\n<h4><span class=\"menu-title\">Fresh salad<\/span> <span class=\"menu-price\">\u20ac23.00<\/span><\/h4>\n<div class=\"menu-text\">Quinoa, goat cheese, seasonal raw vegetables, honey and thyme vinaigrette<\/div>\n<\/li>\n<li>\n<h4>Spring salad \u20ac24.00<\/h4>\n<div class=\"menu-text\">Asparagus, salmon trout gravlax, grapefruit vinaigrette<\/div>\n<\/li>\n<li>\n<h4><span class=\"menu-title\">Ardennes salad<\/span> <span class=\"menu-price\">\u20ac24.00<\/span><\/h4>\n<div class=\"menu-text\">Ham from our Ardennes region, mozzarella, arugula, sundried tomatoes<\/div>\n<\/li>\n<li>\n<h4><span class=\"menu-title\">Ocean Salad <\/span><span class=\"menu-price\">\u20ac28.00<\/span><\/h4>\n<div class=\"menu-text\">Smoked trout, salmon trout gravlax, scampi, mild curry vinaigrette<\/div>\n<\/li>\n<\/ul>\n<\/div>\n\t\t\t\t\t\t\t\t\t<div class=\"elementor-tab-title elementor-tab-mobile-title\" aria-selected=\"false\" data-tab=\"4\" role=\"tab\" tabindex=\"-1\" aria-controls=\"elementor-tab-content-9374\" aria-expanded=\"false\">Traditional dishes<\/div>\n\t\t\t\t\t<div id=\"elementor-tab-content-9374\" class=\"elementor-tab-content elementor-clearfix\" data-tab=\"4\" role=\"tabpanel\" aria-labelledby=\"elementor-tab-title-9374\" tabindex=\"0\" hidden=\"hidden\"><ul class=\"food-menu menu-2cols\">\n<li>\n<h4><span class=\"menu-title\">Beer-battered meatballs from Maredsous<\/span> <span class=\"menu-price\">\u20ac22.00<\/span><\/h4>\n<div class=\"menu-text\"> <\/div>\n<\/li>\n<li>\n<h4><span class=\"menu-title\">Grilled ham hock<\/span> <span class=\"menu-price\">\u20ac27.00<\/span><\/h4>\n<div class=\"menu-text\">B\u00e9arnaise sauce or two-mustard sauce, bacon, fresh thyme<\/div>\n<\/li>\n<li>\n<h4><span class=\"menu-title\">Beef burger 180g<\/span> <span class=\"menu-price\">\u20ac25.00<\/span><\/h4>\n<div class=\"menu-text\">Sommi\u00e8res cheese, chef&rsquo;s sauce<\/div>\n<h4> <\/h4>\n<\/li>\n<li>\n<h4><span class=\"menu-title\">Beef burger with truffle<\/span> <span class=\"menu-price\">\u20ac26.00<\/span><\/h4>\n<div class=\"menu-text\">Ardennes ham crisps, Sommi\u00e8res cheese, truffle sauce<\/div>\n<\/li>\n<li>\n<h4>Veal osso bucco with fresh pasta \u20ac31.00<\/h4>\n<\/li>\n<li>\n<h4>House-made steak, prepared by us \u20ac25.00<\/h4>\n<\/li>\n<li>\n<h4><span class=\"menu-title\">Curried scampi pasta and courgette tagliatelle<\/span> <span class=\"menu-price\">\u20ac24.00<\/span><\/h4>\n<\/li>\n<li>\n<h4>Pasta carbonara, just like at home \u20ac23.00<\/h4>\n<\/li>\n<\/ul>\n<\/div>\n\t\t\t\t\t\t\t\t\t<div class=\"elementor-tab-title elementor-tab-mobile-title\" aria-selected=\"false\" data-tab=\"5\" role=\"tab\" tabindex=\"-1\" aria-controls=\"elementor-tab-content-9375\" aria-expanded=\"false\">Meats<\/div>\n\t\t\t\t\t<div id=\"elementor-tab-content-9375\" class=\"elementor-tab-content elementor-clearfix\" data-tab=\"5\" role=\"tabpanel\" aria-labelledby=\"elementor-tab-title-9375\" tabindex=\"0\" hidden=\"hidden\"><ul class=\"food-menu menu-2cols\">\n<li>\n<h4><span class=\"menu-title\">Beef steak<\/span> <span class=\"menu-price\">\u20ac28.00<\/span><\/h4>\n<div class=\"menu-text\">280 gr<\/div>\n<\/li>\n<li>\n<h4><span class=\"menu-title\">Marinated chicken skewer<\/span> <span class=\"menu-price\">\u20ac23.00<\/span><\/h4>\n<\/li>\n<li>\n<h4>Holstein beef entrec\u00f4te \u20ac35.00<\/h4>\n<div class=\"menu-text\">320 gr<\/div>\n<\/li>\n<li>\n<h4>Lamb shanks in port and fresh thyme, seasonal vegetables, baby potatoes \u20ac34.00<\/h4>\n<\/li>\n<li><strong>Our house sauces <\/strong>: B\u00e9arnaise | Cracked pepper | Mushroom | Roquefort | Caf\u00e9 de Paris butter | House (two mustards, bacon lardons, fresh thyme)<br \/>\n<h4><span class=\"menu-price\">\u20ac3.50<\/span><\/h4>\n<\/li>\n<li>\n<h4><strong style=\"font-family: 'Work Sans'; font-size: 16px;\">Supplements <\/strong><span style=\"font-family: 'Work Sans'; font-size: 16px;\">:<\/span><\/h4>\n<p class=\"p1\">Hot vegetables \u20ac3.50<\/p>\n<p class=\"p1\">Salad 3<span class=\"s1\">,50<\/span>\u20ac<\/p>\n<p class=\"p1\">Frenc fries 3<span class=\"s1\">,50<\/span>\u20ac<\/p>\n<p class=\"p2\">Mayonnaise &amp; ketchup 1<span class=\"s1\">,50<\/span>\u20ac<\/p>\n<\/li>\n<li>\n<h4><em>All our meats are served with salad and fries.<\/em><\/h4>\n<\/li>\n<\/ul>\n<\/div>\n\t\t\t\t\t\t\t\t\t<div class=\"elementor-tab-title elementor-tab-mobile-title\" aria-selected=\"false\" data-tab=\"6\" role=\"tab\" tabindex=\"-1\" aria-controls=\"elementor-tab-content-9376\" aria-expanded=\"false\">Fishes<\/div>\n\t\t\t\t\t<div id=\"elementor-tab-content-9376\" class=\"elementor-tab-content elementor-clearfix\" data-tab=\"6\" role=\"tabpanel\" aria-labelledby=\"elementor-tab-title-9376\" tabindex=\"0\" hidden=\"hidden\"><ul class=\"food-menu menu-2cols\">\n<li>\n<h4><span class=\"menu-title\">Annevoie trout meuni\u00e8re<\/span> <span class=\"menu-price\">\u20ac26.00<\/span><\/h4>\n<\/li>\n<li>\n<h4>Semi-cooked tuna, chorizo cream, seasonal vegetables and pomme dauphine \u20ac33.00<\/h4>\n<\/li>\n<li>\n<h4>Scallop tataki, pea pur\u00e9e, baby potatoes \u20ac31.00<\/h4>\n<\/li>\n<\/ul>\n<\/div>\n\t\t\t\t\t\t\t\t\t<div class=\"elementor-tab-title elementor-tab-mobile-title\" aria-selected=\"false\" data-tab=\"7\" role=\"tab\" tabindex=\"-1\" aria-controls=\"elementor-tab-content-9377\" aria-expanded=\"false\">Vegetarians<\/div>\n\t\t\t\t\t<div id=\"elementor-tab-content-9377\" class=\"elementor-tab-content elementor-clearfix\" data-tab=\"7\" role=\"tabpanel\" aria-labelledby=\"elementor-tab-title-9377\" tabindex=\"0\" hidden=\"hidden\"><ul class=\"food-menu menu-2cols\">\n<li>\n<h4>Vegetarian burger, Maredsous cheese, tomatoes, rocket, chef\u2019s sauce \u20ac23.00<\/h4>\n<div class=\"menu-text\"> <\/div>\n<\/li>\n<li>\n<h4><span class=\"menu-title\">Pasta with vegetables, sun-dried tomato and rocket cream, parmesan shavings<\/span> <span class=\"menu-price\">\u20ac23.00<\/span><\/h4>\n<div class=\"menu-text\"> <\/div>\n<\/li>\n<li>\n<h4>Pan-fried asparagus and carrots, olive oil pur\u00e9e, vine peach butter \u20ac24.00<\/h4>\n<\/li>\n<\/ul>\n<\/div>\n\t\t\t\t\t\t\t\t\t<div class=\"elementor-tab-title elementor-tab-mobile-title\" aria-selected=\"false\" data-tab=\"8\" role=\"tab\" tabindex=\"-1\" aria-controls=\"elementor-tab-content-9378\" aria-expanded=\"false\">Children's dishes<\/div>\n\t\t\t\t\t<div id=\"elementor-tab-content-9378\" class=\"elementor-tab-content elementor-clearfix\" data-tab=\"8\" role=\"tabpanel\" aria-labelledby=\"elementor-tab-title-9378\" tabindex=\"0\" hidden=\"hidden\"><ul class=\"food-menu menu-2cols\">\n<li>\n<h4><span class=\"menu-title\">Homemade Maredsous cheese croquette, salad<\/span> <span class=\"menu-price\">\u20ac10.00<\/span><\/h4>\n<\/li>\n<li>\n<h4><span class=\"menu-title\">Mini burger, fries<\/span> <span class=\"menu-price\">\u20ac14.00<\/span><\/h4>\n<\/li>\n<li>\n<h4><span class=\"menu-title\">Small carbonara<\/span> <span class=\"menu-price\">\u20ac14.00<\/span><\/h4>\n<\/li>\n<li>\n<h4><span class=\"menu-title\">Chicken nuggets, fries<\/span> <span class=\"menu-price\">\u20ac14.00<\/span><\/h4>\n<\/li>\n<li>\n<h4><span class=\"menu-title\">Fish and chips<\/span><span class=\"menu-price\">\u20ac14.00<\/span><\/h4>\n<\/li>\n<\/ul>\n<\/div>\n\t\t\t\t\t\t\t\t\t<div class=\"elementor-tab-title elementor-tab-mobile-title\" aria-selected=\"false\" data-tab=\"9\" role=\"tab\" tabindex=\"-1\" aria-controls=\"elementor-tab-content-9379\" aria-expanded=\"false\">Cheeses and desserts<\/div>\n\t\t\t\t\t<div id=\"elementor-tab-content-9379\" class=\"elementor-tab-content elementor-clearfix\" data-tab=\"9\" role=\"tabpanel\" aria-labelledby=\"elementor-tab-title-9379\" tabindex=\"0\" hidden=\"hidden\"><ul class=\"food-menu menu-2cols\">\n<li>\n<h4><span class=\"menu-title\"><span class=\"TextRun SCXW109272760 BCX0\" lang=\"FR-FR\" xml:lang=\"FR-FR\" data-contrast=\"auto\"><span class=\"NormalTextRun SCXW109272760 BCX0\">Cheese platter from our artisans<\/span><\/span><\/span> <span class=\"menu-price\">\u20ac16.00<\/span><\/h4>\n<\/li>\n<li><span class=\"TextRun SCXW24925217 BCX0\" lang=\"FR-FR\" data-contrast=\"auto\" xml:lang=\"FR-FR\"><span class=\"NormalTextRun SCXW24925217 BCX0\">All our desserts are homemade&#8230;<\/span><\/span>\n<div class=\"menu-text\"> <\/div>\n<\/li>\n<li>\n<h4>Rock\u2019N Choc with a scoop of raspberry and hibiscus sorbet \u20ac12.00<\/h4>\n<\/li>\n<li>\n<h4>Speculoos tiramisu \u20ac10.90<\/h4>\n<\/li>\n<li>\n<h4>Rhubarb cr\u00e8me br\u00fbl\u00e9e \u20ac10.90<\/h4>\n<\/li>\n<li>\n<h4>Breton shortbread, lemon cream, strawberry \u20ac11.90<\/h4>\n<\/li>\n<li>\n<h4>Coffee or gourmet tea \u20ac13.90<\/h4>\n<\/li>\n<li>\n<h4>Strawberry sundae with a scoop of ice cream \u20ac12.50<\/h4>\n<\/li>\n<li>\n<h4>Authentic Dame Blanche \u20ac12.50<\/h4>\n<\/li>\n<li>\n<h4><span class=\"menu-title\">Brazilian Cup <\/span><span class=\"menu-price\">\u20ac11.00<\/span><\/h4>\n<\/li>\n<li>\n<h4>Ice cream\/sorbet sundae with 3 scoops of your choice<\/h4>\n<h4>Vanilla | Chocolate | Salted butter caramel | Almond milk | Mocha | Raspberry | Lemon | Passion fruit | Strawberry | Hibiscus raspberry<\/h4>\n<h4><span class=\"menu-price\">\u20ac10.50<\/span><\/h4>\n<\/li>\n<\/ul>\n<\/div>\n\t\t\t\t\t\t\t<\/div>\n\t\t<\/div>\n\t\t\t\t\t\t<\/div>\n\t\t\t\t<\/div>\n\t\t\t\t\t<\/div>\n\t\t<\/div>\n\t\t\t\t\t<\/div>\n\t\t<\/section>\n\t\t\t\t<\/div>\n\t\t","protected":false},"excerpt":{"rendered":"<p>Brasserie du Moulin Brasserie \u00e0 la carte menu Also discover the bistronomic menu &gt;&gt; Boards to share Starters Salads Traditional dishes Meats Fishes Vegetarians Children&rsquo;s dishes Cheeses and desserts Boards to share Charcuterie board | Serves 2 \u20ac23.00 Ardennes smoked ham, thyme sausage, Michtrolle p\u00e2t\u00e9 Mixed platter | Serves 2 \u20ac25.00 Ardennes smoked ham, thyme sausage, Maredsous cheese, Sommi\u00e8re cheese&#8230;<\/p>\n","protected":false},"author":1,"featured_media":32219,"parent":0,"menu_order":0,"comment_status":"closed","ping_status":"closed","template":"","meta":{"footnotes":""},"class_list":["post-31234","page","type-page","status-publish","has-post-thumbnail","hentry"],"acf":[],"_links":{"self":[{"href":"https:\/\/www.brasseriedumoulin.be\/index.php?rest_route=\/wp\/v2\/pages\/31234","targetHints":{"allow":["GET"]}}],"collection":[{"href":"https:\/\/www.brasseriedumoulin.be\/index.php?rest_route=\/wp\/v2\/pages"}],"about":[{"href":"https:\/\/www.brasseriedumoulin.be\/index.php?rest_route=\/wp\/v2\/types\/page"}],"author":[{"embeddable":true,"href":"https:\/\/www.brasseriedumoulin.be\/index.php?rest_route=\/wp\/v2\/users\/1"}],"replies":[{"embeddable":true,"href":"https:\/\/www.brasseriedumoulin.be\/index.php?rest_route=%2Fwp%2Fv2%2Fcomments&post=31234"}],"version-history":[{"count":61,"href":"https:\/\/www.brasseriedumoulin.be\/index.php?rest_route=\/wp\/v2\/pages\/31234\/revisions"}],"predecessor-version":[{"id":33220,"href":"https:\/\/www.brasseriedumoulin.be\/index.php?rest_route=\/wp\/v2\/pages\/31234\/revisions\/33220"}],"wp:featuredmedia":[{"embeddable":true,"href":"https:\/\/www.brasseriedumoulin.be\/index.php?rest_route=\/wp\/v2\/media\/32219"}],"wp:attachment":[{"href":"https:\/\/www.brasseriedumoulin.be\/index.php?rest_route=%2Fwp%2Fv2%2Fmedia&parent=31234"}],"curies":[{"name":"wp","href":"https:\/\/api.w.org\/{rel}","templated":true}]}}