{"id":30312,"date":"2024-03-28T22:48:29","date_gmt":"2024-03-28T21:48:29","guid":{"rendered":"https:\/\/www.brasseriedumoulin.be\/?page_id=30312"},"modified":"2026-04-10T15:32:59","modified_gmt":"2026-04-10T13:32:59","slug":"notre-carte","status":"publish","type":"page","link":"https:\/\/www.brasseriedumoulin.be\/?page_id=30312","title":{"rendered":"Notre carte"},"content":{"rendered":"\t\t<div data-elementor-type=\"wp-page\" data-elementor-id=\"30312\" class=\"elementor elementor-30312\" data-elementor-post-type=\"page\">\n\t\t\t\t\t\t<section class=\"elementor-section elementor-top-section elementor-element elementor-element-5fafe42 elementor-section-boxed elementor-section-height-default elementor-section-height-default\" data-id=\"5fafe42\" data-element_type=\"section\" data-e-type=\"section\">\n\t\t\t\t\t\t<div class=\"elementor-container elementor-column-gap-default\">\n\t\t\t\t\t<div class=\"elementor-column elementor-col-100 elementor-top-column elementor-element elementor-element-34b21599\" data-id=\"34b21599\" data-element_type=\"column\" data-e-type=\"column\">\n\t\t\t<div class=\"elementor-widget-wrap elementor-element-populated\">\n\t\t\t\t\t\t<div class=\"elementor-element elementor-element-490581a3 elementor-widget elementor-widget-text-editor\" data-id=\"490581a3\" data-element_type=\"widget\" data-e-type=\"widget\" data-widget_type=\"text-editor.default\">\n\t\t\t\t<div class=\"elementor-widget-container\">\n\t\t\t\t\t\t\t\t\t<div class=\"smalltitle\">Brasserie du moulin<\/div>\t\t\t\t\t\t\t\t<\/div>\n\t\t\t\t<\/div>\n\t\t\t\t<div class=\"elementor-element elementor-element-4623d1de elementor-widget elementor-widget-menu-anchor\" data-id=\"4623d1de\" data-element_type=\"widget\" data-e-type=\"widget\" data-widget_type=\"menu-anchor.default\">\n\t\t\t\t<div class=\"elementor-widget-container\">\n\t\t\t\t\t\t\t<div class=\"elementor-menu-anchor\" id=\"menubrasserie\"><\/div>\n\t\t\t\t\t\t<\/div>\n\t\t\t\t<\/div>\n\t\t\t\t<div class=\"elementor-element elementor-element-64500d93 elementor-widget elementor-widget-heading\" data-id=\"64500d93\" data-element_type=\"widget\" data-e-type=\"widget\" data-widget_type=\"heading.default\">\n\t\t\t\t<div class=\"elementor-widget-container\">\n\t\t\t\t\t<h2 class=\"elementor-heading-title elementor-size-default\">Menu Brasserie \u00e0 la carte<\/h2>\t\t\t\t<\/div>\n\t\t\t\t<\/div>\n\t\t\t\t<div class=\"elementor-element elementor-element-b0615f8 elementor-widget elementor-widget-text-editor\" data-id=\"b0615f8\" data-element_type=\"widget\" data-e-type=\"widget\" data-widget_type=\"text-editor.default\">\n\t\t\t\t<div class=\"elementor-widget-container\">\n\t\t\t\t\t\t\t\t\t<p><a href=\"https:\/\/www.brasseriedumoulin.be\/?page_id=3152\">D\u00e9couvrir aussi le menu bistronomique &gt;&gt;<\/a><\/p>\t\t\t\t\t\t\t\t<\/div>\n\t\t\t\t<\/div>\n\t\t\t\t<div class=\"elementor-element elementor-element-37dcd29d mt-tabs elementor-widget-mobile__width-initial elementor-tabs-view-horizontal elementor-invisible elementor-widget elementor-widget-tabs\" data-id=\"37dcd29d\" data-element_type=\"widget\" data-e-type=\"widget\" data-settings=\"{&quot;_animation&quot;:&quot;fadeIn&quot;}\" data-widget_type=\"tabs.default\">\n\t\t\t\t<div class=\"elementor-widget-container\">\n\t\t\t\t\t\t\t<div class=\"elementor-tabs\">\n\t\t\t<div class=\"elementor-tabs-wrapper\" role=\"tablist\" >\n\t\t\t\t\t\t\t\t\t<div id=\"elementor-tab-title-9371\" class=\"elementor-tab-title elementor-tab-desktop-title\" aria-selected=\"true\" data-tab=\"1\" role=\"tab\" tabindex=\"0\" aria-controls=\"elementor-tab-content-9371\" aria-expanded=\"false\">Planches \u00e0 partager<\/div>\n\t\t\t\t\t\t\t\t\t<div id=\"elementor-tab-title-9372\" class=\"elementor-tab-title elementor-tab-desktop-title\" aria-selected=\"false\" data-tab=\"2\" role=\"tab\" tabindex=\"-1\" aria-controls=\"elementor-tab-content-9372\" aria-expanded=\"false\">Entr\u00e9es<\/div>\n\t\t\t\t\t\t\t\t\t<div id=\"elementor-tab-title-9373\" class=\"elementor-tab-title elementor-tab-desktop-title\" aria-selected=\"false\" data-tab=\"3\" role=\"tab\" tabindex=\"-1\" aria-controls=\"elementor-tab-content-9373\" aria-expanded=\"false\">Salades<\/div>\n\t\t\t\t\t\t\t\t\t<div id=\"elementor-tab-title-9374\" class=\"elementor-tab-title elementor-tab-desktop-title\" aria-selected=\"false\" data-tab=\"4\" role=\"tab\" tabindex=\"-1\" aria-controls=\"elementor-tab-content-9374\" aria-expanded=\"false\">Plats traditionnels<\/div>\n\t\t\t\t\t\t\t\t\t<div id=\"elementor-tab-title-9375\" class=\"elementor-tab-title elementor-tab-desktop-title\" aria-selected=\"false\" data-tab=\"5\" role=\"tab\" tabindex=\"-1\" aria-controls=\"elementor-tab-content-9375\" aria-expanded=\"false\">Viandes<\/div>\n\t\t\t\t\t\t\t\t\t<div id=\"elementor-tab-title-9376\" class=\"elementor-tab-title elementor-tab-desktop-title\" aria-selected=\"false\" data-tab=\"6\" role=\"tab\" tabindex=\"-1\" aria-controls=\"elementor-tab-content-9376\" aria-expanded=\"false\">Poissons<\/div>\n\t\t\t\t\t\t\t\t\t<div id=\"elementor-tab-title-9377\" class=\"elementor-tab-title elementor-tab-desktop-title\" aria-selected=\"false\" data-tab=\"7\" role=\"tab\" tabindex=\"-1\" aria-controls=\"elementor-tab-content-9377\" aria-expanded=\"false\">V\u00e9g\u00e9tariens<\/div>\n\t\t\t\t\t\t\t\t\t<div id=\"elementor-tab-title-9378\" class=\"elementor-tab-title elementor-tab-desktop-title\" aria-selected=\"false\" data-tab=\"8\" role=\"tab\" tabindex=\"-1\" aria-controls=\"elementor-tab-content-9378\" aria-expanded=\"false\">Plats enfants<\/div>\n\t\t\t\t\t\t\t\t\t<div id=\"elementor-tab-title-9379\" class=\"elementor-tab-title elementor-tab-desktop-title\" aria-selected=\"false\" data-tab=\"9\" role=\"tab\" tabindex=\"-1\" aria-controls=\"elementor-tab-content-9379\" aria-expanded=\"false\">Fromages et desserts<\/div>\n\t\t\t\t\t\t\t<\/div>\n\t\t\t<div class=\"elementor-tabs-content-wrapper\" role=\"tablist\" aria-orientation=\"vertical\">\n\t\t\t\t\t\t\t\t\t<div class=\"elementor-tab-title elementor-tab-mobile-title\" aria-selected=\"true\" data-tab=\"1\" role=\"tab\" tabindex=\"0\" aria-controls=\"elementor-tab-content-9371\" aria-expanded=\"false\">Planches \u00e0 partager<\/div>\n\t\t\t\t\t<div id=\"elementor-tab-content-9371\" class=\"elementor-tab-content elementor-clearfix\" data-tab=\"1\" role=\"tabpanel\" aria-labelledby=\"elementor-tab-title-9371\" tabindex=\"0\" hidden=\"false\"><ul class=\"food-menu menu-2cols\"><li><h4><span class=\"menu-title\">Planche de charcuterie |<em>\u00a0Pour 2 personnes<\/em><\/span><span class=\"menu-price\">\u20ac23.00<\/span><\/h4><div class=\"menu-text\">Jambon fum\u00e9 ardennais, saucisson au thym, p\u00e2t\u00e9 \u00e0 la Michtrolle<\/div><\/li><li><h4><span class=\"menu-title\">Planche mixte | <i>Pour 2 personnes<\/i><\/span><span class=\"menu-price\">\u20ac25.00<\/span><\/h4><div class=\"menu-text\">Jambon fum\u00e9 ardennais, saucisson au thym, fromage de Maredsous, fromage de Sommi\u00e8re<\/div><\/li><li><h4><span class=\"menu-title\">Planche de la mer | <i>Pour 2 personnes<\/i><\/span><span class=\"menu-price\">\u20ac27.00<\/span><\/h4><div class=\"menu-text\">Rillettes de truite fum\u00e9e, Gravlax de truite saumon\u00e9e, cr\u00e8me de Maredsous aux herbes<\/div><\/li><li><h4><span class=\"menu-title\">Planche Terre et Mer | <i>Pour 4 personnes<\/i><\/span><span class=\"menu-price\">\u20ac39.00<\/span><\/h4><div class=\"menu-text\">Jambon fum\u00e9 ardennais, saucisson au thym, fromage de Maredsous, rillettes de truite fum\u00e9e, Gravlax de truite saumon\u00e9e<\/div><\/li><\/ul><\/div>\n\t\t\t\t\t\t\t\t\t<div class=\"elementor-tab-title elementor-tab-mobile-title\" aria-selected=\"false\" data-tab=\"2\" role=\"tab\" tabindex=\"-1\" aria-controls=\"elementor-tab-content-9372\" aria-expanded=\"false\">Entr\u00e9es<\/div>\n\t\t\t\t\t<div id=\"elementor-tab-content-9372\" class=\"elementor-tab-content elementor-clearfix\" data-tab=\"2\" role=\"tabpanel\" aria-labelledby=\"elementor-tab-title-9372\" tabindex=\"0\" hidden=\"hidden\"><div class=\"menu-text\">\u00a0<\/div><ul class=\"food-menu menu-2cols\"><li><h4><span class=\"menu-title\">Profiteroles d&rsquo;escargots de Warnant \u00e0 l\u2019ail des ours <\/span><span class=\"menu-price\">\u20ac21.00<\/span><\/h4><div class=\"menu-text\">\u00a0<\/div><\/li><li><h4><span class=\"menu-title\">Nos croquettes de fromage de Maredsous \u00ab\u00a0maison\u00a0\u00bb <\/span><span class=\"menu-price\">\u20ac19.00<\/span><\/h4><div class=\"menu-text\"><strong>En plat : 24\u20ac<\/strong><\/div><\/li><li><h4><span class=\"menu-title\">Croquettes de crevettes artisanales\u00a0 <\/span><span class=\"menu-price\">\u20ac25.00<\/span><\/h4><div class=\"menu-text\"><strong>En plat : 29\u20ac<\/strong><\/div><\/li><li><h4><span class=\"menu-title\">Duo de croquettes <\/span>aux crevettes et au fromage de Maredsous<span class=\"menu-title\">\u00a0 <\/span><span class=\"menu-price\">\u20ac22.00<\/span>\u00a0<\/h4><\/li><li><h4 class=\"p1\"><strong>Tartare de truite saumon\u00e9e fa\u00e7on asiatique, kiwi, s\u00e9same, chips de riz\u00a0<\/strong><span class=\"menu-price\">\u20ac19.00<\/span><\/h4><\/li><li><h4 class=\"p1\"><strong>Carpaccio de boeuf fum\u00e9, salade de bl\u00e9, huile aux thym<\/strong><span class=\"menu-price\">\u20ac23.00<\/span><\/h4><\/li><\/ul><\/div>\n\t\t\t\t\t\t\t\t\t<div class=\"elementor-tab-title elementor-tab-mobile-title\" aria-selected=\"false\" data-tab=\"3\" role=\"tab\" tabindex=\"-1\" aria-controls=\"elementor-tab-content-9373\" aria-expanded=\"false\">Salades<\/div>\n\t\t\t\t\t<div id=\"elementor-tab-content-9373\" class=\"elementor-tab-content elementor-clearfix\" data-tab=\"3\" role=\"tabpanel\" aria-labelledby=\"elementor-tab-title-9373\" tabindex=\"0\" hidden=\"hidden\"><ul class=\"food-menu menu-2cols\"><li><h4><span class=\"menu-title\">Salade fraicheur <\/span><span class=\"menu-price\">\u20ac23.00<\/span><\/h4><div class=\"menu-text\">Quinoa, fromage de ch\u00e8vre, crudit\u00e9s de saison, vinaigrette miel et thym<\/div><\/li><li><h4><span class=\"menu-title\">Salade printani\u00e8re <\/span><span class=\"menu-price\">\u20ac24.00<\/span><\/h4><div class=\"menu-text\">Asperges, gravlax de truite saumon\u00e9e, vinaigrette au pamplemousse<\/div><\/li><li><h4><span class=\"menu-title\">Salade ardennaise <\/span><span class=\"menu-price\">\u20ac24.00<\/span><\/h4><div class=\"menu-text\">Jambon de nos Ardennes, Mozzarella, roquette, tomates s\u00e9ch\u00e9es<\/div><\/li><li><h4><span class=\"menu-title\">Salade Oc\u00e9ane <\/span><span class=\"menu-price\">\u20ac28.00<\/span><\/h4><div class=\"menu-text\">Truite fum\u00e9e, Gravlax de truite saumon\u00e9e, scampis, vinaigrette curry doux<\/div><\/li><\/ul><\/div>\n\t\t\t\t\t\t\t\t\t<div class=\"elementor-tab-title elementor-tab-mobile-title\" aria-selected=\"false\" data-tab=\"4\" role=\"tab\" tabindex=\"-1\" aria-controls=\"elementor-tab-content-9374\" aria-expanded=\"false\">Plats traditionnels<\/div>\n\t\t\t\t\t<div id=\"elementor-tab-content-9374\" class=\"elementor-tab-content elementor-clearfix\" data-tab=\"4\" role=\"tabpanel\" aria-labelledby=\"elementor-tab-title-9374\" tabindex=\"0\" hidden=\"hidden\"><ul class=\"food-menu menu-2cols\"><li><h4><span class=\"menu-title\">Boulettes \u00e0 la bi\u00e8re de Maredsous <\/span><span class=\"menu-price\">\u20ac22.00<\/span><\/h4><div class=\"menu-text\">\u00a0<\/div><\/li><li><h4><span class=\"menu-title\">Jambonneau grill\u00e9\u00a0<\/span><span class=\"menu-price\">\u20ac27.00<\/span><\/h4><div class=\"menu-text\">Sauce b\u00e9arnaise\u00a0 ou\u00a0 Sauce aux deux moutardes, lardon, thym frais<\/div><\/li><li><h4><span class=\"menu-title\">Burger de b\u0153uf 180gr <\/span><span class=\"menu-price\">\u20ac25.00<\/span><\/h4><div class=\"menu-text\">Fromage de Sommi\u00e8re, sauce du chef<\/div><h4>\u00a0<\/h4><\/li><li><h4><span class=\"menu-title\">Burger de b\u0153uf \u00e0 la truffe <\/span><span class=\"menu-price\">\u20ac26.00<\/span><\/h4><div class=\"menu-text\">Chips de jambon d\u2019Ardenne, fromage de Sommi\u00e8re, sauce \u00e0 la truffe<\/div><\/li><li><h4>Osso bucco de veau avec ses p\u00e2tes fra\u00eeches<span class=\"menu-price\">\u20ac31.00<\/span><\/h4><\/li><li><h4>Am\u00e9ricain maison pr\u00e9par\u00e9 par nos soins<span class=\"menu-price\">\u20ac25.00<\/span><\/h4><\/li><li><h4><span class=\"menu-title\">P\u00e2tes aux scampis curry et tagliatelles de courgette<\/span><span class=\"menu-price\">\u20ac24.00<\/span><\/h4><\/li><li><h4>P\u00e2tes carbonara comme chez nous<span class=\"menu-price\">\u20ac23.00<\/span><\/h4><\/li><\/ul><\/div>\n\t\t\t\t\t\t\t\t\t<div class=\"elementor-tab-title elementor-tab-mobile-title\" aria-selected=\"false\" data-tab=\"5\" role=\"tab\" tabindex=\"-1\" aria-controls=\"elementor-tab-content-9375\" aria-expanded=\"false\">Viandes<\/div>\n\t\t\t\t\t<div id=\"elementor-tab-content-9375\" class=\"elementor-tab-content elementor-clearfix\" data-tab=\"5\" role=\"tabpanel\" aria-labelledby=\"elementor-tab-title-9375\" tabindex=\"0\" hidden=\"hidden\"><ul class=\"food-menu menu-2cols\"><li><h4><span class=\"menu-title\">Pav\u00e9 de b\u0153uf<\/span><span class=\"menu-price\">\u20ac28.00<\/span><\/h4><div class=\"menu-text\">280 gr<\/div><\/li><li><h4><span class=\"menu-title\">Brochette de volaille marin\u00e9e<\/span><span class=\"menu-price\">\u20ac23.00<\/span><\/h4><\/li><li><h4>Entrec\u00f4te de boeuf Holstein<span class=\"menu-price\">\u20ac35.00<\/span><\/h4><div class=\"menu-text\">320 gr<\/div><\/li><li><h4>Souris d\u2019agneau au Porto et thym frais, l\u00e9gumes de saison,pommes grenaille<span class=\"menu-price\">\u20ac34.00<\/span><\/h4><\/li><li><strong>Nos sauces maison <\/strong>: B\u00e9arnaise | Poivre concass\u00e9 | Champignons | Roquefort | Beurre caf\u00e9 de Paris | Maison (deux moutardes, lardons, thym frais)<br \/><h4><span class=\"menu-price\">\u20ac3.50<\/span><\/h4><\/li><li><h4><strong style=\"font-family: 'Work Sans'; font-size: 16px;\">Suppl\u00e9ments <\/strong><span style=\"font-family: 'Work Sans'; font-size: 16px;\">:<\/span><\/h4><p class=\"p1\">L\u00e9gumes chauds 3<span class=\"s1\">,50<\/span>\u20ac<\/p><p class=\"p1\">Salade 3<span class=\"s1\">,50<\/span>\u20ac<\/p><p class=\"p1\">Frites 3<span class=\"s1\">,50<\/span>\u20ac<\/p><p class=\"p2\">Mayonnaise &amp; ketchup 1<span class=\"s1\">,50<\/span>\u20ac<\/p><\/li><li><h4><em>Toutes nos viandes sont accompagn\u00e9es de salade et de frites<\/em><\/h4><\/li><\/ul><\/div>\n\t\t\t\t\t\t\t\t\t<div class=\"elementor-tab-title elementor-tab-mobile-title\" aria-selected=\"false\" data-tab=\"6\" role=\"tab\" tabindex=\"-1\" aria-controls=\"elementor-tab-content-9376\" aria-expanded=\"false\">Poissons<\/div>\n\t\t\t\t\t<div id=\"elementor-tab-content-9376\" class=\"elementor-tab-content elementor-clearfix\" data-tab=\"6\" role=\"tabpanel\" aria-labelledby=\"elementor-tab-title-9376\" tabindex=\"0\" hidden=\"hidden\"><ul class=\"food-menu menu-2cols\"><li><h4><span class=\"menu-title\">Truite d\u2019Annevoie meuni\u00e8re <\/span><span class=\"menu-price\">\u20ac26.00<\/span><\/h4><\/li><li><h4>Thon mi-cuit, cr\u00e8me de chorizo, l\u00e9gumes de saison et pomme dauphine<span class=\"menu-price\">\u20ac33.00<\/span><\/h4><\/li><li><h4>Tataki de noix de Saint-Jacques, pur\u00e9e de petits pois, pommes grenaille <span class=\"menu-price\">\u20ac31.00<\/span><\/h4><\/li><\/ul><\/div>\n\t\t\t\t\t\t\t\t\t<div class=\"elementor-tab-title elementor-tab-mobile-title\" aria-selected=\"false\" data-tab=\"7\" role=\"tab\" tabindex=\"-1\" aria-controls=\"elementor-tab-content-9377\" aria-expanded=\"false\">V\u00e9g\u00e9tariens<\/div>\n\t\t\t\t\t<div id=\"elementor-tab-content-9377\" class=\"elementor-tab-content elementor-clearfix\" data-tab=\"7\" role=\"tabpanel\" aria-labelledby=\"elementor-tab-title-9377\" tabindex=\"0\" hidden=\"hidden\"><ul class=\"food-menu menu-2cols\"><li><h4><span class=\"menu-title\">Burger v\u00e9g\u00e9tarien, Maredsous, tomates, roquette, sauce du chef<\/span><span class=\"menu-price\">\u20ac23.00<\/span><\/h4><div class=\"menu-text\">\u00a0<\/div><\/li><li><h4><span class=\"menu-title\">P\u00e2tes aux l\u00e9gumes, cr\u00e8me aux tomates s\u00e9ch\u00e9es et roquette, copeaux de parmesan <\/span><span class=\"menu-price\">\u20ac23.00<\/span><\/h4><div class=\"menu-text\">\u00a0<\/div><\/li><li><h4>Poel\u00e9e d\u2019asperges et carottes, pur\u00e9e \u00e0 l\u2019huile d\u2019olive, beurre aux p\u00eaches de vigne<span class=\"menu-price\">\u20ac24.00<\/span><\/h4><\/li><\/ul><\/div>\n\t\t\t\t\t\t\t\t\t<div class=\"elementor-tab-title elementor-tab-mobile-title\" aria-selected=\"false\" data-tab=\"8\" role=\"tab\" tabindex=\"-1\" aria-controls=\"elementor-tab-content-9378\" aria-expanded=\"false\">Plats enfants<\/div>\n\t\t\t\t\t<div id=\"elementor-tab-content-9378\" class=\"elementor-tab-content elementor-clearfix\" data-tab=\"8\" role=\"tabpanel\" aria-labelledby=\"elementor-tab-title-9378\" tabindex=\"0\" hidden=\"hidden\"><ul class=\"food-menu menu-2cols\"><li><h4><span class=\"menu-title\">Une croquette de fromage de Maredsous faite maison, salade <\/span><span class=\"menu-price\">\u20ac10.00<\/span><\/h4><\/li><li><h4><span class=\"menu-title\">Mini burger, frites<\/span><span class=\"menu-price\">\u20ac14.00<\/span><\/h4><\/li><li><h4><span class=\"menu-title\">Petit carbonara <\/span><span class=\"menu-price\">\u20ac14.00<\/span><\/h4><\/li><li><h4><span class=\"menu-title\">Nuggets de volaille, frites<\/span><span class=\"menu-price\">\u20ac14.00<\/span><\/h4><\/li><li><h4><span class=\"menu-title\">Fish and chips<\/span><span class=\"menu-price\">\u20ac14.00<\/span><\/h4><\/li><\/ul><\/div>\n\t\t\t\t\t\t\t\t\t<div class=\"elementor-tab-title elementor-tab-mobile-title\" aria-selected=\"false\" data-tab=\"9\" role=\"tab\" tabindex=\"-1\" aria-controls=\"elementor-tab-content-9379\" aria-expanded=\"false\">Fromages et desserts<\/div>\n\t\t\t\t\t<div id=\"elementor-tab-content-9379\" class=\"elementor-tab-content elementor-clearfix\" data-tab=\"9\" role=\"tabpanel\" aria-labelledby=\"elementor-tab-title-9379\" tabindex=\"0\" hidden=\"hidden\"><ul class=\"food-menu menu-2cols\"><li><h4><span class=\"menu-title\"><span class=\"TextRun SCXW109272760 BCX0\" lang=\"FR-FR\" xml:lang=\"FR-FR\" data-contrast=\"auto\"><span class=\"NormalTextRun SCXW109272760 BCX0\">Assiette de fromages de nos artisans <\/span><\/span><\/span><span class=\"menu-price\">\u20ac16.00<\/span><\/h4><\/li><li><span class=\"TextRun SCXW24925217 BCX0\" lang=\"FR-FR\" xml:lang=\"FR-FR\" data-contrast=\"auto\"><span class=\"NormalTextRun SCXW24925217 BCX0\">Tous nos desserts sont faits maison<\/span><\/span><span class=\"EOP SCXW24925217 BCX0\" data-ccp-props=\"{&quot;201341983&quot;:0,&quot;335551550&quot;:2,&quot;335551620&quot;:2,&quot;335559739&quot;:160,&quot;335559740&quot;:259}\"> &#8230;<\/span><br \/><div class=\"menu-text\">\u00a0<\/div><\/li><li><h4>Rock\u2019N Choc et sa boule de sorbet framboise hibiscus<span class=\"menu-price\">\u20ac12.00<\/span><\/h4><\/li><li><h4>Tiramisu aux sp\u00e9culoos<span class=\"menu-price\">\u20ac10.90<\/span><\/h4><\/li><li><h4><span class=\"menu-title\"><span class=\"TextRun SCXW109272760 BCX0\" lang=\"FR-FR\" xml:lang=\"FR-FR\" data-contrast=\"auto\"><span class=\"NormalTextRun SCXW109272760 BCX0\">Cr\u00e8me br\u00fbl\u00e9e \u00e0 la rhubarbe<\/span><\/span>\u00a0<\/span><span class=\"menu-price\">\u20ac10.90<\/span><\/h4><\/li><li><h4><span class=\"menu-title\"><span class=\"TextRun SCXW109272760 BCX0\" lang=\"FR-FR\" xml:lang=\"FR-FR\" data-contrast=\"auto\"><span class=\"NormalTextRun SCXW109272760 BCX0\">S<\/span><\/span><\/span>abl\u00e9 breton, cr\u00e8me au citron, fraise<span class=\"menu-price\">\u20ac11.90<\/span><\/h4><\/li><li><h4><span class=\"menu-title\"><span class=\"TextRun SCXW109272760 BCX0\" lang=\"FR-FR\" xml:lang=\"FR-FR\" data-contrast=\"auto\"><span class=\"NormalTextRun SCXW109272760 BCX0\">Caf\u00e9 ou th\u00e9 gourmand<\/span><\/span><\/span><span class=\"menu-price\">\u20ac13.90<\/span><\/h4><\/li><li><h4>Coupe de fraises et sa boule de glace<span class=\"menu-price\">\u20ac12.50<\/span><\/h4><\/li><li><h4><span class=\"menu-title\">V\u00e9ritable dame blanche<\/span><span class=\"menu-price\">\u20ac12.50<\/span><\/h4><\/li><li><h4><span class=\"menu-title\">Coupe br\u00e9silienne<\/span><span class=\"menu-price\">\u20ac11.00<\/span><\/h4><\/li><li><h4>Coupe de glaces\/sorbets 3 boules au choix<\/h4><h4><span class=\"menu-title\"><em>Vanille | Chocolat | Caramel beurre sal\u00e9 | Lait d\u2019amande | Moka <\/em><\/span><span class=\"menu-title\"><em>| Frambroise <\/em><\/span><em>| Citron <\/em><span class=\"menu-title\"><em>| Fruit de la passion <\/em><\/span><em>| Fraise <\/em><span class=\"menu-title\"><em>| Frambroise hibiscus<\/em><\/span><\/h4><h4><span class=\"menu-price\">\u20ac10.50<\/span><\/h4><\/li><\/ul><\/div>\n\t\t\t\t\t\t\t<\/div>\n\t\t<\/div>\n\t\t\t\t\t\t<\/div>\n\t\t\t\t<\/div>\n\t\t\t\t\t<\/div>\n\t\t<\/div>\n\t\t\t\t\t<\/div>\n\t\t<\/section>\n\t\t\t\t<\/div>\n\t\t","protected":false},"excerpt":{"rendered":"<p>Brasserie du moulin Menu Brasserie \u00e0 la carte D\u00e9couvrir aussi le menu bistronomique &gt;&gt; Planches \u00e0 partager Entr\u00e9es Salades Plats traditionnels Viandes Poissons V\u00e9g\u00e9tariens Plats enfants Fromages et desserts Planches \u00e0 partager Planche de charcuterie |\u00a0Pour 2 personnes\u20ac23.00 Jambon fum\u00e9 ardennais, saucisson au thym, p\u00e2t\u00e9 \u00e0 la Michtrolle Planche mixte | Pour 2 personnes\u20ac25.00 Jambon fum\u00e9 ardennais, saucisson au thym,&#8230;<\/p>\n","protected":false},"author":1,"featured_media":32220,"parent":0,"menu_order":0,"comment_status":"closed","ping_status":"closed","template":"","meta":{"footnotes":""},"class_list":["post-30312","page","type-page","status-publish","has-post-thumbnail","hentry"],"acf":[],"_links":{"self":[{"href":"https:\/\/www.brasseriedumoulin.be\/index.php?rest_route=\/wp\/v2\/pages\/30312","targetHints":{"allow":["GET"]}}],"collection":[{"href":"https:\/\/www.brasseriedumoulin.be\/index.php?rest_route=\/wp\/v2\/pages"}],"about":[{"href":"https:\/\/www.brasseriedumoulin.be\/index.php?rest_route=\/wp\/v2\/types\/page"}],"author":[{"embeddable":true,"href":"https:\/\/www.brasseriedumoulin.be\/index.php?rest_route=\/wp\/v2\/users\/1"}],"replies":[{"embeddable":true,"href":"https:\/\/www.brasseriedumoulin.be\/index.php?rest_route=%2Fwp%2Fv2%2Fcomments&post=30312"}],"version-history":[{"count":315,"href":"https:\/\/www.brasseriedumoulin.be\/index.php?rest_route=\/wp\/v2\/pages\/30312\/revisions"}],"predecessor-version":[{"id":33219,"href":"https:\/\/www.brasseriedumoulin.be\/index.php?rest_route=\/wp\/v2\/pages\/30312\/revisions\/33219"}],"wp:featuredmedia":[{"embeddable":true,"href":"https:\/\/www.brasseriedumoulin.be\/index.php?rest_route=\/wp\/v2\/media\/32220"}],"wp:attachment":[{"href":"https:\/\/www.brasseriedumoulin.be\/index.php?rest_route=%2Fwp%2Fv2%2Fmedia&parent=30312"}],"curies":[{"name":"wp","href":"https:\/\/api.w.org\/{rel}","templated":true}]}}